alse
Is 5214 a multiple of 11?
True
Is 75 a multiple of 3?
True
Is 118 a factor of 4012?
True
Is 48906 a multiple of 39?
True
Is 59 a factor of 2538?
False
Does 49 divide 6745?
False
Does 5 divide 13910?
True
Is 10 a factor of 330?
True
Does 8 divide 9282?
False
Is 47100 a multiple of 12?
True
Is 495 a multiple of 6?
False
Is 40 a factor of 547?
False
Is 139 a multiple of 31?
False
Does 14 divide 26026?
True
Is 13 a factor of 38623?
True
Does 5 divide 1762?
False
Does 13 divide 22685?
True
Is 7 a factor of 67228?
True
Is 75 a factor of 5850?
True
Is 43 a factor of 16602?
False
Is 20073 a multiple of 248?
False
Is 31497 a multiple of 141?
False
Is 47355 a multiple of 15?
True
Does 82 divide 541?
False
Does 9 divide 66?
False
Does 112 divide 4252?
False
Is 146 a factor of 13140?
True
Is 29 a factor of 6076?
False
Is 28 a factor of 2029?
False
Does 66 divide 462?
True
Is 4 a factor of 164?
True
Is 18 a factor of 435?
False
Is 5027 a multiple of 5?
False
Does 13 divide 28379?
True
Is 34 a factor of 927?
False
Does 10 divide 370?
True
Does 27 divide 446?
False
Is 22 a factor of 66?
True
Is 17 a factor of 153?
True
Is 22718 a multiple of 152?
False
Is 1729 a multiple of 8?
False
Is 4 a factor of 33216?
True
Is 26 a factor of 1243?
False
Does 346 divide 76812?
True
Does 12 divide 2592?
True
Is 9 a multiple of 9?
True
Does 2 divide 255?
False
Does 2 divide 836?
True
Does 112 divide 9072?
True
Does 72 divide 21659?
False
Is 4158 a multiple of 14?
True
Is 984 a multiple of 80?
False
Is 2728 a multiple of 44?
True
Is 907 a multiple of 2?
False
Is 207 a multiple of 23?
True
Does 101 divide 43252?
False
Is 4 a factor of 500?
True
Is 80 a factor of 3100?
False
Is 361 a multiple of 9?
False
Is 2823 a multiple of 9?
False
Is 82 a factor of 3743?
False
Is 9 a factor of 1545?
False
Does 3 divide 1528?
False
Is 3 a factor of 110?
False
Does 234 divide 30672?
False
Is 10 a factor of 53460?
True
Is 23 a factor of 1098?
False
Is 18 a factor of 38898?
True
Is 21 a factor of 38718?
False
Is 143 a factor of 7194?
False
Is 2210 a multiple of 65?
True
Is 8 a factor of 28?
False
Does 394 divide 43340?
True
Does 20 divide 10940?
True
Is 3 a factor of 240?
True
Is 9 a factor of 198?
True
Is 3610 a multiple of 260?
False
Is 520 a multiple of 7?
False
Is 1748 a multiple of 11?
False
Is 5490 a multiple of 4?
False
Does 6 divide 16632?
True
Is 181 even?
False
Does 5 divide 700?
True
Is 12 a factor of 12288?
True
Is 39909 a multiple of 55?
False
Is 55912 a multiple of 70?
False
Does 28 divide 8245?
False
Is 49 a factor of 5439?
True
Is 4 a factor of 1146?
False
Is 28 a factor of 21831?
False
Is 1462 a multiple of 17?
True
Is 3676 a multiple of 11?
False
Is 1143 a multiple of 3?
True
Does 13 divide 1248?
True
Is 238 a multiple of 14?
True
Is 1652 a multiple of 59?
True
Is 59939 a multiple of 289?
False
Does 8 divide 2752?
True
Is 478 a multiple of 21?
False
Does 38 divide 88490?
False
Does 18 divide 1598?
False
Is 19425 a multiple of 7?
True
Is 138 a factor of 1104?
True
Is 743 a multiple of 4?
False
Is 110 a multiple of 11?
True
Does 32 divide 2944?
True
Does 35 divide 1085?
True
Is 20790 a multiple of 99?
True
Is 720 a multiple of 10?
True
Is 135 a multiple of 27?
True
Is 3418 a multiple of 3?
False
Does 17 divide 70924?
True
Is 22 a factor of 38918?
True
Does 166 divide 11099?
False
Is 21 a factor of 1166?
False
Does 8 divide 296?
True
Is 22 a factor of 3344?
True
Is 12 a factor of 163768?
False
Is 4424 a multiple of 11?
False
Is 110 a multiple of 2?
True
Is 6180 a multiple of 6?
True
Is 2430 a multiple of 10?
True
Does 6 divide 5856?
True
Is 8 a factor of 1904?
True
Is 81 a factor of 1210?
False
Is 563 a multiple of 56?
False
Does 11 divide 2534?
False
Is 14 a factor of 25823?
False
Is 1404 a multiple of 6?
True
Is 17 a factor of 239?
False
Is 2212 a multiple of 14?
True
Does 71 divide 1704?
True
Is 8064 a multiple of 168?
True
Does 14 divide 6496?
True
Is 16 a factor of 208?
True
Is 67592 a multiple of 34?
True
Does 10 divide 9307?
False
Is 1716 a multiple of 11?
True
Is 99 a multiple of 11?
True
Is 140 a factor of 10080?
True
Is 360 a multiple of 40?
True
Is 108 a factor of 71388?
True
Does 16 divide 5760?
True
Is 8220 a multiple of 5?
True
Is 39 a factor of 195?
True
Does 47 divide 862?
False
Does 3 divide 2262?
True
Is 39 a factor of 5880?
False
Is 33 a factor of 23129?
False
Is 88 a factor of 2816?
True
Does 39 divide 390?
True
Is 31 a factor of 495?
False
Does 4 divide 1996?
True
Is 53878 a multiple of 79?
True
Is 10 a factor of 15647?
False
Does 35 divide 3185?
True
Does 89 divide 356?
True
Is 3643 a multiple of 24?
False
Does 98 divide 588?
True
Is 8 a factor of 256?
True
Is 583 a multiple of 7?
False
Is 22 a factor of 2706?
True
Is 15 a factor of 8940?
True
Is 10 a factor of 6306?
False
Is 928 even?
True
Is 131 a multiple of 20?
False
Does 11 divide 24622?
False
Is 47 a factor of 704?
False
Is 1372 a multiple of 28?
True
Is 619 a multiple of 64?
False
Is 316 even?
True
Is 2840 a multiple of 23?
False
Is 11 a factor of 542?
False
Is 55 a factor of 55?
True
Does 87 divide 58058?
False
Is 3296 a multiple of 32?
True
Does 129 divide 2070?
False
Is 9 a factor of 15993?
True
Does 13 divide 3557?
False
Is 25 a factor of 17561?
False
Is 18 a factor of 234?
True
Is 130 a factor of 33316?
False
Is 5505 a multiple of 36?
False
Is 4 a factor of 2432?
True
Is 18 a factor of 36?
True
Is 251 a factor of 6777?
True
Is 4030 a multiple of 27?
False
Is 12 a factor of 5352?
True
Is 8293 a multiple of 87?
False
Is 9 a factor of 54642?
False
Does 24 divide 792?
True
Is 14 a factor of 26712?
True
Is 72 a multiple of 16?
False
Does 54 divide 648?
True
Is 2934 a multiple of 11?
False
Does 108 divide 7932?
False
Is 61 a factor of 518?
False
Does 24 divide 1434?
False
Is 5134 a multiple of 34?
True
Is 189 a multiple of 7?
True
Is 1008 a multiple of 21?
True
Is 119 a factor of 11424?
True
Is 490 a multiple of 10?
True
Is 6 a factor of 1188?
True
Is 2258 a multiple of 7?
False
Is 47 a factor of 1126?
False
Is 11 a factor of 3740?
True
Is 297 a multiple of 99?
True
Is 18 a factor of 1674?
True
Is 1290 a multiple of 15?
True
Is 18 a factor of 77?
False
Is 23223 a multiple of 3?
True
Is 10989 a multiple of 33?
True
Does 13 divide 2405?
True
Is 30 a factor of 15126?
False
Does 5 divide 134?
False
Is 399 a multiple of 7?
True
Is 10 a factor of 7449?
False
Is 2424 a multiple of 71?
False
Is 21600 a multiple of 178?
False
Does 87 divide 9918?
True
Does 9 divide 6345?
True
Is 664 a multiple of 9?
False
Is 3281 a multiple of 17?
True
Is 46 a factor of 17667?
False
Is 2842 a multiple of 27?
False
Is 19 a factor of 16799?
False
Is 4307 a multiple of 3?
False
Is 818 a multiple of 2?
True
Does 9 divide 981?
True
Does 37 divide 276?
False
Is 210 even?
True
Is 7 a factor of 42837?
False
Is 734 a multiple of 28?
False
Does 80 divide 1280?
True
Does 23 divide 91931?
True
Is 32 a factor of 64?
True
Does 63 divide 7686?
True
Is 19702 a multiple of 15?
False
Is 20 a factor of 18800?
True
Is 51 a factor of 5892?
False
Is 3 a factor of 320?
False
Is 2485 a multiple of 35?
True
Does 74 divide 1607?
False
Is 98 a factor of 30968?
True
Is 29192 a multiple of 75?
False
Is 910 a multiple of 26?
True
Is 273 a multiple of 13?
True
Is 2279 a multiple of 14?
False
Is 1199 a multiple of 48?
False
Does 185 divide 17390?
True
Does 84 divide 10584?
True
Is 40 a multiple of 4?
True
Is 1070 a multiple of 10?
True
Is 2073 a multiple of 33?
False
Is 12546 a multiple of 6?
True
Does 99 divide 1433?
False
Does 5 divide 3295?
True
Is 8546 a multiple of 31?
False
Does 11 divide 825?
True
Is 2 a factor of 57?
False
Is 6 a factor of 1168?
False
Does 67 divide 15263?
False
Does 8 divide 472?
True
Does 11 divide 8835?
False
Does 41 divide 24681?
False
Does 6 divide 3819?
False
Does 65 divide 55858?
False
Does 106 divide 21730?
True
Is 9 a multiple of 3?
True
Is 22 a factor of 13707?
False
Is 17 a factor of 39593?
True
Is 26 a factor of 3744?
True
Does 76 divide 4180?
True
Is 19 a factor of 1403?
False
Is 1326 a multiple of 34?
True
Is 13 a factor of 13962?
True
Is 10 a factor of 1730?
True
Is 50 a factor of 2918?
False
Does 11 divide 23804?
True
Is 26 a factor of 2913?
False
Is 174 a factor of 22817?
False
Is 56 a multiple of 6?
False
